at is 73818 (base 10) in base 4?
102001122
Convert 1221221132 (base 4) to base 15.
8833e
Convert 4649b (base 13) to base 8.
372346
What is ff015 (base 16) in base 2?
11111111000000010101
-112a63 (base 15) to base 12
-336019
Convert -1011131110 (base 6) to base 5.
-10131304320
Convert -2405541 (base 6) to base 8.
-365405
3b641a (base 14) to base 15
2a85d0
Convert 2a67ce (base 16) to base 3.
12020012012010
2223442424 (base 5) to base 6
253052525
What is -21310310 (base 5) in base 7?
-1355324
Convert 1091043 (base 10) to base 11.
685798
What is -3012120 (base 4) in base 9?
-18366
Convert 623881 (base 11) to base 16.
f44be
16405120 (base 8) to base 12
1335294
What is 5233560 (base 7) in base 14?
125a30
-6176 (base 8) to base 6
-22450
-20343 (base 6) to base 9
-3660
Convert 4224126 (base 11) to base 5.
3401134401
What is 2210330123 (base 4) in base 10?
675611
-513a (base 11) to base 9
-10316
558586 (base 13) to base 12
813861
3a683 (base 11) to base 13
20565
What is -120002000011 (base 3) in base 16?
-48703
Convert 3311030302 (base 4) to base 8.
3651462
Convert 920253 (base 11) to base 3.
2210010212022
be534 (base 16) to base 15
105eb7
-2490522 (base 13) to base 12
-39973a0
Convert 101111001011001001 (base 2) to base 16.
2f2c9
Convert -33111123222 (base 4) to base 11.
-22a6277
-220212003 (base 4) to base 5
-20310100
-1535310 (base 7) to base 8
-633504
What is 254142 (base 7) in base 8?
133736
What is 1b5b2bb (base 12) in base 15?
7a7355
2482525 (base 9) to base 16
14a6ec
-16989 (base 12) to base 9
-48526
Convert 4953475 (base 10) to base 4.
102321112003
Convert -3435cc (base 14) to base 12.
-718100
-1948784 (base 10) to base 2
-111011011110001110000
What is 130368 (base 10) in base 15?
28963
101001000110000111 (base 2) to base 9
275810
What is 2e840 (base 16) in base 14?
4d612
2023402140 (base 5) to base 11
2366058
1a36136 (base 12) to base 13
11c2ab5
Convert -2120331013 (base 4) to base 15.
-c596d
Convert -102202111101 (base 3) to base 9.
-382441
What is 727165 (base 8) in base 14?
63cd7
What is 17b402 (base 14) in base 9?
1516104
-2c4b6c (base 14) to base 6
-53115152
Convert -265775 (base 9) to base 16.
-277d0
Convert 8567d8 (base 14) to base 2.
10001001101101110111010
What is 113210015 (base 6) in base 12?
86090b
-111222223131 (base 4) to base 5
-2423223322
-504371 (base 9) to base 13
-a5b11
-2225353 (base 6) to base 15
-235bc
What is 61a500 (base 16) in base 14?
bc8120
Convert -1c504 (base 16) to base 7.
-662053
1664775 (base 8) to base 3
220200111202
What is 224621 (base 13) in base 12?
330595
What is 2086e (base 15) in base 7?
606512
Convert -17736035 (base 8) to base 14.
-7aa2bb
What is 9506084 (base 10) in base 8?
44206444
Convert 83b232 (base 13) to base 2.
1011110000000101111101
Convert -29dae8 (base 15) to base 2.
-111101101010101101110
What is 2024013 (base 6) in base 13?
35085
-737a04 (base 11) to base 16
-120873
Convert 21231344 (base 6) to base 14.
124372
What is -627987 (base 10) in base 5?
-130043422
Convert -111111111110111 (base 2) to base 8.
-77767
11105130 (base 6) to base 14
8a3a6
What is -100001110211 (base 3) in base 7?
-1341412
-7adc (base 14) to base 2
-101001101110010
What is 12411041 (base 5) in base 4?
131330112
Convert 34820 (base 11) to base 8.
142075
What is 147035 (base 9) in base 14?
24d52
Convert -127641 (base 9) to base 7.
-442546
Convert 355d84 (base 14) to base 3.
10102120020010
What is -1100110100011001 (base 2) in base 3?
-2200000122
Convert -152043 (base 9) to base 8.
-266247
Convert 3101311023 (base 4) to base 13.
24127b
Convert 1a110 (base 14) to base 10.
66066
-5507098 (base 10) to base 13
-11aa84c
Convert 112212122201 (base 3) to base 9.
485581
-11001011011011001 (base 2) to base 8
-313331
9a21 (base 12) to base 6
210441
Convert 133316 (base 11) to base 13.
74398
-1987d (base 15) to base 3
-11012202001
15c457 (base 14) to base 5
143414233
What is -2122002012201 (base 3) in base 10?
-1399105
Convert -10043411 (base 5) to base 10.
-81106
Convert 32013133200 (base 4) to base 6.
211152520
Convert 15336420 (base 7) to base 15.
1e10c0
360835 (base 10) to base 3
200022222021
What is -10450343 (base 7) in base 14?
-1970ca
What is 1122123222 (base 4) in base 3?
200211002220
Convert 263a35 (base 11) to base 15.
83044
-101021012012 (base 3) to base 6
-4155305
46317 (base 9) to base 14
b377
Convert 11bb05 (base 12) to base 5.
33241130
-15a92e (base 16) to base 4
-11122210232
-904523 (base 10) to base 16
-dcd4b
What is 198623 (base 14) in base 16?
dd5e7
103303131312 (base 4) to base 13
10ca025
-1ce274 (base 16) to base 2
-111001110001001110100
e355 (base 15) to base 11
33081
What is -110011101110000100 (base 2) in base 4?
-303232010
Convert 74884 (base 13) to base 2.
110011010011111111
What is -2c5bb (base 14) in base 4?
-123010321
What is -12010211210121 (base 3) in base 9?
-5124717
What is 30a6590 (base 12) in base 3?
122021012210200
What is -110010010110011001101 (base 2) in base 12?
-676951
-1176 (base 12) to base 10
-1962
408b47 (base 15) to base 3
12202211012011
Convert 1110011000110101 (base 2) to base 9.
88751
What is 5163413 (base 7) in base 10?
620693
What is 2524301 (base 7) in base 5?
40410110
155070 (base 9) to base 5
11024222
Convert -2ddc0 (base 14) to base 3.
-12212001102
-1101002212102 (base 3) to base 15
-e660b
What is -2226126 (base 10) in base 13?
-5cc346
89772 (base 12) to base 15
3913e
What is 12454332 (base 6) in base 5?
101134244
Convert -110101010011000011 (base 2) to base 13.
-7849b
What is -22704106 (base 8) in base 10?
-4950086
2182653 (base 11) to base 4
32211301223
What is 1011101011111010010 (base 2) in base 8?
1353722
157274 (base 11) to base 10
243896
-1001100011011010110010 (base 2) to base 16
-2636b2
What is 163641404 (base 7) in base 2?
101010100111000011001011
What is ea15c (base 16) in base 5?
221140222
Convert -100001110010011111110110 (base 2) to base 13.
-1ab18a1
Convert 11254036 (base 8) to base 14.
479c98
-10101021 (base 5) to base 9
-133568
Convert 55424534 (base 7) to base 11.
2775010
3056074 (base 9) to base 10
1631569
What is 50342 (base 12) in base 11?
71293
Convert -1cf84 (base 16) to base 10.
-118660
Convert 220022455 (base 6) to base 15.
527272
Convert 68198 (base 10) to base 5.
4140243
Convert -3044524 (base 7) to base 9.
-614511
Convert 193777 (base 10) to base 16.
2f4f1
-1353431 (base 6) to base 9
-127001
Convert 2402314204 (base 5) to base 4.
111001112122
Convert 67740 (base 8) to base 9.
43252
Convert 10031242320 (base 5) to base 14.
148d46a
What is 1325a1 (base 11) in base 10?
208352
Convert 5766215 (base 8) to base 6.
53334421
14803511 (base 10) to base 14
1d74c19
Convert b17a (base 12) to base 6.
225034
-54654 (base 12) to base 4
-123032200
-8b127 (base 16) to base 5
-121212024
-3497428 (base 13) to base 16
-f7c891
91e5 (base 15) to base 6
354355
-84c5 (base 13) to base 11
-1291a
Convert -3413052 (base 9) to base 4.
-13001003102
-101001111001001001100 (base 2) to base 4
-11033021030
What is -1b907 (base 16) in base 4?
-123210013
Convert -74ab49 (base 14) to base 2.
-1111000011111000111101
What is 1e39 (base 16) in base 13?
36a2
What is -10305140 (base 6) in base 16?
-4a514
Convert 1266242 (base 13) to base 4.
111330313133
Convert 103241322 (base 5) to base 14.
b89c2
Convert 1231102434 (base 5) to base 12.
1001111
Convert 421014034 (base 5) to base 14.
332699
What is -47601 (base 8) in base 5?
-1122403
Convert 1201220110221 (base 3) to base 12.
386367
-85072 (base 13) to base 8
-723716
Convert -795055 (base 13) to base 16.
-2bbfd3
What is 11214214 (base 5) in base 13?
37095
-37573 (base 14) to base 8
-410561
Convert 1516530 (base 7) to base 13.
72c48
1b3c (base 16) to base 7
26220
What is -10151155 (base 6) in base 15?
-5c3be
Convert 104133210 (base 5) to base 9.
768015
Convert 42432253 (base 6) to base 16.
130d49
Convert -11010330331 (base 4) to base 3.
-2111121210111
21334526 (base 7) to base 9
3380042
-10100111011001100 (base 2) to base 5
-10220313
Convert 3175113 (base 8) to base 13.
23a178
What is 1012350 (base 6) in base 10?
48522
Convert 2110210 (base 6) to base 2.
11001000000111110
What is -1000110011111111101 (base 2) in base 10?
-288765
19b823 (base 14) to base 6
31341423
What is 12636760 (base 8) in base 13?
782b88
Convert 1681999 (base 10) to 